  {"version":"1.0","provider_name":"Fondation B\u00e9ati","provider_url":"https:\/\/fondationbeati.org\/en\/","author_name":"msakkal","author_url":"https:\/\/fondationbeati.org\/en\/actualite\/author\/msakkal\/","title":"Nos corps, nos histoires: programme QTBIPOC - Fondation B\u00e9ati - Operating in Quebec since 1990","type":"rich","width":600,"height":338,"html":"<blockquote class=\"wp-embedded-content\" data-secret=\"ec2toUwJ9n\"><a href=\"https:\/\/fondationbeati.org\/en\/initiatives\/nos-corps-nos-histoires-programme-qtbipoc\/\">Nos corps, nos histoires: programme QTBIPOC<\/a><\/blockquote><iframe sandbox=\"allow-scripts\" security=\"restricted\" src=\"https:\/\/fondationbeati.org\/en\/initiatives\/nos-corps-nos-histoires-programme-qtbipoc\/embed\/#?secret=ec2toUwJ9n\" width=\"600\" height=\"338\" title=\"&#8220;Nos corps, nos histoires: programme QTBIPOC&#8221; &#8212; Fondation B\u00e9ati\" data-secret=\"ec2toUwJ9n\" frameborder=\"0\" marginwidth=\"0\" marginheight=\"0\" scrolling=\"no\" class=\"wp-embedded-content\"><\/iframe><script type=\"text\/javascript\">\n\/* <![CDATA[ *\/\n\/*! This file is auto-generated *\/\n!function(d,l){\"use strict\";l.querySelector&&d.addEventListener&&\"undefined\"!=typeof URL&&(d.wp=d.wp||{},d.wp.receiveEmbedMessage||(d.wp.receiveEmbedMessage=function(e){var t=e.data;if((t||t.secret||t.message||t.value)&&!\/[^a-zA-Z0-9]\/.test(t.secret)){for(var s,r,n,a=l.querySelectorAll('iframe[data-secret=\"'+t.secret+'\"]'),o=l.querySelectorAll('blockquote[data-secret=\"'+t.secret+'\"]'),c=new RegExp(\"^https?:$\",\"i\"),i=0;i<o.length;i++)o[i].style.display=\"none\";for(i=0;i<a.length;i++)s=a[i],e.source===s.contentWindow&&(s.removeAttribute(\"style\"),\"height\"===t.message?(1e3<(r=parseInt(t.value,10))?r=1e3:~~r<200&&(r=200),s.height=r):\"link\"===t.message&&(r=new URL(s.getAttribute(\"src\")),n=new URL(t.value),c.test(n.protocol))&&n.host===r.host&&l.activeElement===s&&(d.top.location.href=t.value))}},d.addEventListener(\"message\",d.wp.receiveEmbedMessage,!1),l.addEventListener(\"DOMContentLoaded\",function(){for(var e,t,s=l.querySelectorAll(\"iframe.wp-embedded-content\"),r=0;r<s.length;r++)(t=(e=s[r]).getAttribute(\"data-secret\"))||(t=Math.random().toString(36).substring(2,12),e.src+=\"#?secret=\"+t,e.setAttribute(\"data-secret\",t)),e.contentWindow.postMessage({message:\"ready\",secret:t},\"*\")},!1)))}(window,document);\n\/\/# sourceURL=https:\/\/fondationbeati.org\/wp-includes\/js\/wp-embed.min.js\n\/* ]]> *\/\n<\/script>\n","description":"Processus d\u2019\u00e9ducation populaire \u00e0 travers la cr\u00e9ation et l\u2019art entre personnes de 16-24 ans, de communaut\u00e9s LGBTQ+ ET racis\u00e9es et immigrantes afin qu\u2019elles s\u2019outillent \u00e0 affronter les d\u00e9fis li\u00e9s \u00e0 leurs exp\u00e9riences de marginalisation. Ateliers permettant la conscientisation r\u00e9ciproque, le soutien entre pair.e.s et le partage d\u2019analyses et de cr\u00e9ations.","thumbnail_url":"https:\/\/fondationbeati.org\/wp-content\/uploads\/2025\/09\/Yoast.png","thumbnail_width":1200,"thumbnail_height":675}

Fondation Béati

Nos corps, nos histoires: programme QTBIPOC - Fondation Béati - Operating in Quebec since 1990

<blockquote class="wp-embedded-content" data-secret="ec2toUwJ9n"><a href="https://fondationbeati.org/en/initiatives/nos-corps-nos-histoires-programme-qtbipoc/">Nos corps, nos histoires: programme QTBIPOC</a></blockquote><iframe sandbox="allow-scripts" security="restricted" src="https://fondationbeati.org/en/initiatives/nos-corps-nos-histoires-programme-qtbipoc/embed/#?secret=ec2toUwJ9n" width="600" height="338" title="&#8220;Nos corps, nos histoires: programme QTBIPOC&#8221; &#8212; Fondation Béati" data-secret="ec2toUwJ9n" frameborder="0" marginwidth="0" marginheight="0" scrolling="no" class="wp-embedded-content"></iframe><script type="text/javascript">
/* <![CDATA[ */
/*! This file is auto-generated */
!function(d,l){"use strict";l.querySelector&&d.addEventListener&&"undefined"!=typeof URL&&(d.wp=d.wp||{},d.wp.receiveEmbedMessage||(d.wp.receiveEmbedMessage=function(e){var t=e.data;if((t||t.secret||t.message||t.value)&&!/[^a-zA-Z0-9]/.test(t.secret)){for(var s,r,n,a=l.querySelectorAll('iframe[data-secret="'+t.secret+'"]'),o=l.querySelectorAll('blockquote[data-secret="'+t.secret+'"]'),c=new RegExp("^https?:$","i"),i=0;i<o.length;i++)o[i].style.display="none";for(i=0;i<a.length;i++)s=a[i],e.source===s.contentWindow&&(s.removeAttribute("style"),"height"===t.message?(1e3<(r=parseInt(t.value,10))?r=1e3:~~r<200&&(r=200),s.height=r):"link"===t.message&&(r=new URL(s.getAttribute("src")),n=new URL(t.value),c.test(n.protocol))&&n.host===r.host&&l.activeElement===s&&(d.top.location.href=t.value))}},d.addEventListener("message",d.wp.receiveEmbedMessage,!1),l.addEventListener("DOMContentLoaded",function(){for(var e,t,s=l.querySelectorAll("iframe.wp-embedded-content"),r=0;r<s.length;r++)(t=(e=s[r]).getAttribute("data-secret"))||(t=Math.random().toString(36).substring(2,12),e.src+="#?secret="+t,e.setAttribute("data-secret",t)),e.contentWindow.postMessage({message:"ready",secret:t},"*")},!1)))}(window,document);
//# sourceURL=https://fondationbeati.org/wp-includes/js/wp-embed.min.js
/* ]]> */
</script>

Processus d’éducation populaire à travers la création et l’art entre personnes de 16-24 ans, de communautés LGBTQ+ ET racisées et immigrantes afin qu’elles s’outillent à affronter les défis liés à leurs expériences de marginalisation. Ateliers permettant la conscientisation réciproque, le soutien entre pair.e.s et le partage d’analyses et de créations.
